219 prime?
True
Is 12929941 prime?
True
Is 5646911 prime?
False
Is 6659873 composite?
True
Is 19902299 prime?
True
Is 131383027 composite?
False
Is 209472269 composite?
True
Is 2362319 prime?
True
Is 301264617 a prime number?
False
Is 445231 composite?
True
Is 2716451 prime?
True
Is 2679413 prime?
False
Is 10152341 prime?
False
Is 273625367 composite?
True
Is 66459539 a composite number?
False
Is 435079 a prime number?
False
Is 171222811 prime?
False
Is 9273731 a prime number?
False
Is 16938071 prime?
False
Is 8868011 composite?
False
Is 17497 composite?
False
Is 2678267 a composite number?
True
Is 10210453 prime?
False
Is 11920897 a composite number?
False
Is 70904357 a prime number?
False
Is 83132117 prime?
True
Is 254732453 composite?
False
Is 269140711 composite?
True
Is 15321827 composite?
False
Is 59950357 composite?
False
Is 1795181 a prime number?
True
Is 54115977 a prime number?
False
Is 30282557 a composite number?
True
Is 36373343 a composite number?
False
Is 117012419 a prime number?
False
Is 418317 a prime number?
False
Is 6097991 composite?
False
Is 71300557 a prime number?
True
Is 2876053 a composite number?
True
Is 2052473 a prime number?
True
Is 4662829 prime?
False
Is 125160977 a prime number?
True
Is 196966519 a composite number?
True
Is 518863 a composite number?
False
Is 13165643 a prime number?
False
Is 5203439 a prime number?
True
Is 17705579 a composite number?
False
Is 346632898 prime?
False
Is 13002917 composite?
False
Is 10419473 composite?
True
Is 1049791 a prime number?
True
Is 9372703 composite?
False
Is 32857445 prime?
False
Is 9777689 a prime number?
False
Is 1696273 prime?
False
Is 415861 composite?
False
Is 34373993 composite?
False
Is 784247 a prime number?
False
Is 37371071 prime?
True
Is 2887763 a prime number?
True
Is 1460123 a composite number?
True
Is 760099 a composite number?
True
Is 32358949 a composite number?
True
Is 245275529 a composite number?
False
Is 1987289 composite?
True
Is 79913231 prime?
False
Is 1723313 composite?
True
Is 383873767 composite?
True
Is 222073529 prime?
True
Is 10132781 prime?
False
Is 1799951 composite?
False
Is 357191 composite?
True
Is 3928607 a prime number?
False
Is 1689947 prime?
False
Is 963421 a composite number?
True
Is 2668397 composite?
True
Is 8268371 a composite number?
True
Is 109029887 a prime number?
True
Is 596699 composite?
True
Is 459997 a composite number?
True
Is 378979 composite?
True
Is 6266114 prime?
False
Is 3634783 a prime number?
False
Is 9148511 a prime number?
False
Is 4293431 a prime number?
False
Is 6738287 composite?
True
Is 445069 a composite number?
False
Is 1337249 a composite number?
True
Is 17663531 a composite number?
True
Is 96832339 a prime number?
False
Is 1051249 composite?
True
Is 1547591 a prime number?
True
Is 746029 a prime number?
False
Is 99902189 composite?
False
Is 58588617 composite?
True
Is 9763471 prime?
False
Is 225240929 a prime number?
False
Is 781481 a composite number?
False
Is 27314557 prime?
False
Is 823730493 a prime number?
False
Is 4856959 a prime number?
False
Is 121048043 prime?
True
Is 417113 a prime number?
True
Is 195032393 prime?
True
Is 17845433 composite?
True
Is 10545329 a composite number?
True
Is 991313 composite?
False
Is 405702173 a prime number?
True
Is 667985 a composite number?
True
Is 1221971 a composite number?
False
Is 232254031 a composite number?
True
Is 45686503 prime?
False
Is 7344871 composite?
True
Is 3018557 a composite number?
True
Is 60246409 a composite number?
True
Is 41534509 a prime number?
False
Is 19417271 a prime number?
True
Is 44905621 composite?
True
Is 16057871 prime?
True
Is 325429241 prime?
True
Is 3437783 a prime number?
False
Is 1076201 composite?
True
Is 2150580251 prime?
True
Is 190617451 composite?
True
Is 38204014 a prime number?
False
Is 1867303 composite?
False
Is 16955549 a prime number?
False
Is 15338563 a prime number?
True
Is 3684749 prime?
True
Is 5236705 a composite number?
True
Is 2170057 prime?
False
Is 15036227 prime?
False
Is 2308511 composite?
True
Is 4332401 prime?
False
Is 3544439 composite?
True
Is 76017493 a composite number?
False
Is 905089 a composite number?
True
Is 89966813 composite?
True
Is 8021231 a prime number?
True
Is 5440569 a prime number?
False
Is 136247591 a prime number?
False
Is 51108041 a prime number?
True
Is 9226169 prime?
False
Is 365399 a composite number?
True
Is 460045861 a composite number?
True
Is 277440791 composite?
False
Is 196967 prime?
False
Is 12028253 prime?
True
Is 237833627 a composite number?
False
Is 2785751 composite?
False
Is 24659413 a composite number?
False
Is 545317 prime?
False
Is 7244737 composite?
True
Is 8496359 a composite number?
False
Is 1570837 composite?
False
Is 6883127 prime?
True
Is 501947 prime?
True
Is 60765689 a prime number?
False
Is 19185751 composite?
True
Is 11009501 composite?
False
Is 2057581 composite?
True
Is 1528999 composite?
False
Is 8717287 a composite number?
False
Is 38952959 prime?
True
Is 18820967 composite?
True
Is 3488917 composite?
False
Is 23357927 a prime number?
True
Is 196201 a prime number?
True
Is 435555493 composite?
False
Is 7494517 prime?
True
Is 38378017 composite?
True
Is 229601 a prime number?
True
Is 839117 prime?
True
Is 1801519 prime?
False
Is 10684909 a prime number?
True
Is 43794022 composite?
True
Is 10237013 a prime number?
True
Is 2369649 a composite number?
True
Is 2158271 a prime number?
False
Is 12289427 a composite number?
False
Is 6652663 a composite number?
True
Is 31815947 a prime number?
True
Is 8859437 composite?
False
Is 92940011 composite?
False
Is 326076965 composite?
True
Is 37258801 composite?
False
Is 422537 composite?
False
Is 20768518 prime?
False
Is 641051 a prime number?
True
Is 1116523 prime?
True
Is 805633 a composite number?
False
Is 34450631 a prime number?
False
Is 5304757 a composite number?
False
Is 27815833 composite?
False
Is 136224313 composite?
False
Is 17109863 a composite number?
False
Is 2162986511 prime?
False
Is 13906393 a prime number?
True
Is 273054973 a prime number?
False
Is 17354357 a composite number?
True
Is 3788699 a composite number?
True
Is 29848741 prime?
False
Is 6541151 prime?
True
Is 50373839 a composite number?
True
Is 58367941 prime?
True
Is 124778883 a composite number?
True
Is 2598247 a prime number?
True
Is 1413519 a prime number?
False
Is 293093393 prime?
False
Is 268916801 prime?
True
Is 4995827 prime?
True
Is 232374253 prime?
True
Is 2353291 a prime number?
False
Is 291036139 composite?
False
Is 45754783 a composite number?
False
Is 30826199 a composite number?
False
Is 243921011 composite?
False
Is 23112223 a composite number?
True
Is 450739057 a composite number?
False
Is 11203633 prime?
False
Is 17385541 a prime number?
True
Is 385755151 a prime number?
False
Is 402079 prime?
False
Is 16070923 a composite number?
True
Is 5988401 composite?
True
Is 619100639 prime?
True
Is 15145243 a prime number?
True
Is 12388967 composite?
False
Is 12247789 a composite number?
True
Is 2237593 prime?
False
Is 2687087 composite?
True
Is 1262221 a prime number?
True
Is 109094017 a composite number?
False
Is 3999417 prime?
False
Is 152983201 composite?
True
Is 55320607 composite?
True
Is 464821 prime?
False
Is 4278119 a prime number?
False
Is 48642389 composite?
True
Is 8536903 a composite number?
False
Is 51581 a prime number?
True
Is 861564835 a composite number?
True
Is 689431 a prime number?
True
Is 112907867 a composite number?
False
Is 812012834 composite?
True
Is 1342799 prime?
True
Is 26564038 a composite number?
True
Is 142141711 a composite number?
True
Is 7276271 prime?
True
Is 15093167 prime?
True
Is 52862813 a composite number?
False
Is 34280783 composite?
False
Is 57454359 a composite number?
True
Is 11368897 prime?
False
Is 37439051 a composite number?
True
Is 25598239 a composite number?
True
Is 501719 composite?
False
Is 629315 a prime number?
False
Is 932857 a composite number?
True
Is 364992841 a composite number?
False
Is 470843 composite?
True
Is 3733651 a prime number?
False
Is 54614753 composite?
False
Is 29201 prime?
True
Is 14505271 a prime number?
False
Is 56530442 a prime number?
False
Is 4228415 prime?
False
Is 529057 prime?
False
Is 180669239 a composite number?
True
Is 529872053 a c